{"id":17052,"date":"2026-04-28T10:21:56","date_gmt":"2026-04-28T08:21:56","guid":{"rendered":"https:\/\/tcepalinges.ch\/wp2\/?post_type=tribe_events&#038;p=17052"},"modified":"2026-04-28T10:21:56","modified_gmt":"2026-04-28T08:21:56","slug":"soirees-pizza-au-tce-3","status":"publish","type":"tribe_events","link":"https:\/\/tcepalinges.ch\/wp2\/event\/soirees-pizza-au-tce-3\/","title":{"rendered":"Soir\u00e9es pizza au TCE"},"content":{"rendered":"<p><span style=\"font-size: 12.0pt; font-family: 'Arial',sans-serif;\">Bonjour \u00e0 toutes et \u00e0 tous !<\/span><\/p>\n<p>Floriano &amp; Dan , nos pizzaiolo et cuisiniers en chef, nous font le plaisir d\u2019\u00eatre devant le four \u00e0 bois les Mardi et Jeudi de facon r\u00e9guli\u00e8re d\u00e8s 19 heures ainsi que d\u2019organiser des repas ou soir\u00e9es tout au long de la saison suivant le planning ci dessous.<\/p>\n<p>Nous vous remercions de vous inscrire au moins 3 jours \u00e0 l\u2019avance de facon \u00e0 \u00e9viter du gaspillage et permettre \u00e0 nos cuisiniers de vous accueillir dans les meilleures conditions.<\/p>\n<p>Si pas assez d\u2019inscriptions 24h00 a l\u2019avance (moins de 5 personnes inscrites) le four a pizza ne sera pas allum\u00e9, ceci est aussi visible sur le calendrier des inscriptions<\/p>\n<p>Inscriptions r\u00e9serv\u00e9es aux membres et participants aux \u00e9v\u00e8nements du club<\/p>\n","protected":false},"excerpt":{"rendered":"<p>Bonjour \u00e0 toutes et \u00e0 tous ! Floriano &amp; Dan , nos pizzaiolo et cuisiniers en chef, nous font le plaisir d\u2019\u00eatre devant le four \u00e0 bois les Mardi et [&hellip;]<\/p>\n","protected":false},"author":2,"featured_media":0,"template":"","meta":{"_tribe_events_status":"","_tribe_events_status_reason":"","footnotes":""},"tags":[],"tribe_events_cat":[34],"class_list":["post-17052","tribe_events","type-tribe_events","status-publish","hentry","tribe_events_cat-animations","cat_animations"],"publishpress_future_workflow_manual_trigger":{"enabledWorkflows":[]},"_links":{"self":[{"href":"https:\/\/tcepalinges.ch\/wp2\/wp-json\/wp\/v2\/tribe_events\/17052","targetHints":{"allow":["GET"]}}],"collection":[{"href":"https:\/\/tcepalinges.ch\/wp2\/wp-json\/wp\/v2\/tribe_events"}],"about":[{"href":"https:\/\/tcepalinges.ch\/wp2\/wp-json\/wp\/v2\/types\/tribe_events"}],"author":[{"embeddable":true,"href":"https:\/\/tcepalinges.ch\/wp2\/wp-json\/wp\/v2\/users\/2"}],"version-history":[{"count":1,"href":"https:\/\/tcepalinges.ch\/wp2\/wp-json\/wp\/v2\/tribe_events\/17052\/revisions"}],"predecessor-version":[{"id":17053,"href":"https:\/\/tcepalinges.ch\/wp2\/wp-json\/wp\/v2\/tribe_events\/17052\/revisions\/17053"}],"wp:attachment":[{"href":"https:\/\/tcepalinges.ch\/wp2\/wp-json\/wp\/v2\/media?parent=17052"}],"wp:term":[{"taxonomy":"post_tag","embeddable":true,"href":"https:\/\/tcepalinges.ch\/wp2\/wp-json\/wp\/v2\/tags?post=17052"},{"taxonomy":"tribe_events_cat","embeddable":true,"href":"https:\/\/tcepalinges.ch\/wp2\/wp-json\/wp\/v2\/tribe_events_cat?post=17052"}],"curies":[{"name":"wp","href":"https:\/\/api.w.org\/{rel}","templated":true}]}}

Soirées pizza au TCE

<p><span style="font-size: 12.0pt; font-family: 'Arial',sans-serif;">Bonjour à toutes et à tous !</span></p>
<p>Floriano &amp; Dan , nos pizzaiolo et cuisiniers en chef, nous font le plaisir d’être devant le four à bois les Mardi et Jeudi de facon régulière dès 19 heures ainsi que d’organiser des repas ou soirées tout au long de la saison suivant le planning ci dessous.</p>
<p>Nous vous remercions de vous inscrire au moins 3 jours à l’avance de facon à éviter du gaspillage et permettre à nos cuisiniers de vous accueillir dans les meilleures conditions.</p>
<p>Si pas assez d’inscriptions 24h00 a l’avance (moins de 5 personnes inscrites) le four a pizza ne sera pas allumé, ceci est aussi visible sur le calendrier des inscriptions</p>
<p>Inscriptions réservées aux membres et participants aux évènements du club</p>

<p>Bonjour à toutes et à tous ! Floriano &amp; Dan , nos pizzaiolo et cuisiniers en chef, nous font le plaisir d’être devant le four à bois les Mardi et [&hellip;]</p>
