{"id":15354,"date":"2025-11-06T23:06:11","date_gmt":"2025-11-06T22:06:11","guid":{"rendered":"https:\/\/tcepalinges.ch\/wp2\/?post_type=tribe_events&#038;p=15354"},"modified":"2026-02-07T17:09:51","modified_gmt":"2026-02-07T16:09:51","slug":"fin-de-la-saison-et-fermeture-des-courts-de-tennis","status":"publish","type":"tribe_events","link":"https:\/\/tcepalinges.ch\/wp2\/event\/fin-de-la-saison-et-fermeture-des-courts-de-tennis\/","title":{"rendered":"Fin de la saison et fermeture des courts de tennis"},"content":{"rendered":"<p>Un partie des courts de tennis seront ferm\u00e9e le 8 Novembre et les \u00e9clairages des courts seront d\u00e9sactiv\u00e9s<\/p>\n","protected":false},"excerpt":{"rendered":"<p>Un partie des courts de tennis seront ferm\u00e9e le 8 Novembre et les \u00e9clairages des courts seront d\u00e9sactiv\u00e9s<\/p>\n","protected":false},"author":3,"featured_media":0,"template":"","meta":{"_tribe_events_status":"","_tribe_events_status_reason":"","footnotes":""},"tags":[],"tribe_events_cat":[],"class_list":["post-15354","tribe_events","type-tribe_events","status-publish","hentry"],"publishpress_future_workflow_manual_trigger":{"enabledWorkflows":[]},"_links":{"self":[{"href":"https:\/\/tcepalinges.ch\/wp2\/wp-json\/wp\/v2\/tribe_events\/15354","targetHints":{"allow":["GET"]}}],"collection":[{"href":"https:\/\/tcepalinges.ch\/wp2\/wp-json\/wp\/v2\/tribe_events"}],"about":[{"href":"https:\/\/tcepalinges.ch\/wp2\/wp-json\/wp\/v2\/types\/tribe_events"}],"author":[{"embeddable":true,"href":"https:\/\/tcepalinges.ch\/wp2\/wp-json\/wp\/v2\/users\/3"}],"version-history":[{"count":1,"href":"https:\/\/tcepalinges.ch\/wp2\/wp-json\/wp\/v2\/tribe_events\/15354\/revisions"}],"predecessor-version":[{"id":15355,"href":"https:\/\/tcepalinges.ch\/wp2\/wp-json\/wp\/v2\/tribe_events\/15354\/revisions\/15355"}],"wp:attachment":[{"href":"https:\/\/tcepalinges.ch\/wp2\/wp-json\/wp\/v2\/media?parent=15354"}],"wp:term":[{"taxonomy":"post_tag","embeddable":true,"href":"https:\/\/tcepalinges.ch\/wp2\/wp-json\/wp\/v2\/tags?post=15354"},{"taxonomy":"tribe_events_cat","embeddable":true,"href":"https:\/\/tcepalinges.ch\/wp2\/wp-json\/wp\/v2\/tribe_events_cat?post=15354"}],"curies":[{"name":"wp","href":"https:\/\/api.w.org\/{rel}","templated":true}]}}

<p>Un partie des courts de tennis seront fermée le 8 Novembre et les éclairages des courts seront désactivés</p>
