{"id":505,"date":"2014-06-18T14:36:54","date_gmt":"2014-06-18T14:36:54","guid":{"rendered":"https:\/\/tcepalinges.ch\/wp2\/?page_id=505"},"modified":"2024-04-14T22:32:25","modified_gmt":"2024-04-14T20:32:25","slug":"bellaria","status":"publish","type":"page","link":"https:\/\/tcepalinges.ch\/wp2\/competition\/bellaria\/","title":{"rendered":"Bellaria"},"content":{"rendered":"<div data-colibri-id=\"505-c1\" class=\"style-1056 style-local-505-c1 position-relative\">\n  <!---->\n  <div data-colibri-component=\"section\" data-colibri-id=\"505-c2\" id=\"features\" class=\"h-section h-section-global-spacing d-flex align-items-lg-center align-items-md-center align-items-center style-1061 style-local-505-c2 position-relative\">\n    <!---->\n    <!---->\n    <div class=\"h-section-grid-container h-section-boxed-container\">\n      <div data-colibri-id=\"505-c10\" class=\"h-row-container gutters-row-lg-2 gutters-row-md-2 gutters-row-0 gutters-row-v-lg-2 gutters-row-v-md-2 gutters-row-v-2 style-1069 style-local-505-c10 position-relative\">\n        <!---->\n        <div class=\"h-row justify-content-lg-center justify-content-md-center justify-content-center align-items-lg-stretch align-items-md-stretch align-items-stretch gutters-col-lg-2 gutters-col-md-2 gutters-col-0 gutters-col-v-lg-2 gutters-col-v-md-2 gutters-col-v-2\">\n          <!---->\n          <div class=\"h-column h-column-container d-flex h-col-lg-auto h-col-md-auto h-col-auto style-1070-outer style-local-505-c11-outer\">\n            <div data-colibri-id=\"505-c11\" class=\"d-flex h-flex-basis h-column__inner h-px-lg-2 h-px-md-2 h-px-2 v-inner-lg-2 v-inner-md-2 v-inner-2 style-1070 style-local-505-c11 position-relative\">\n              <!---->\n              <!---->\n              <div class=\"w-100 h-y-container h-column__content h-column__v-align flex-basis-100 align-self-lg-start align-self-md-start align-self-start\">\n                <!---->\n                <div data-colibri-id=\"505-c12\" class=\"h-global-transition-all h-heading style-1071 style-local-505-c12 position-relative h-element\">\n                  <!---->\n                  <div class=\"h-heading__outer style-1071 style-local-505-c12\">\n                    <!---->\n                    <!---->\n                    <h1 class=\"\">Bellaria<\/h1>\n                  <\/div>\n                <\/div>\n                <div data-colibri-id=\"505-c13\" class=\"h-lead h-text h-text-component style-1072 style-local-505-c13 position-relative h-element\">\n                  <!---->\n                  <!---->\n                  <div class=\"\">\n                    <p>La coupe bellaria est le pendant de l\u2019\u00e9preuve Lombardet au f\u00e9minin. Cette comp\u00e9tition entre clubs est tout aussi amicale dans sa version dames.\n                      <br>\n                    <\/p>\n                  <\/div>\n                <\/div>\n                <div data-colibri-id=\"505-c14\" class=\"h-text h-text-component style-2050 style-local-505-c14 position-relative h-element\">\n                  <!---->\n                  <!---->\n                  <div class=\"\">\n                    <p>Elle est reserv\u00e9e aux joueuses des clubs vaudois non licenci\u00e9es, R9 ou R8 ainsi qu\u2019aux joueuses R7 ayant plus de 40 ans. Elle se d\u00e9roule de mi-juin \u00e0 fin ao\u00fbt et regroupe une vingtaine d\u2019\u00e9quipes r\u00e9parties en groupes. Chaque club devra\n                      rencontrer les 4 ou 5 autres clubs du m\u00eame groupe. Les vainqueurs de chaque groupe jouent pour le titre.\n                      <br>Les rencontres se jouent en 4 simples et 2 doubles sauf pour le titre qui se jouent en 5 simples et 2 doubles. Les dates des rencontres sont fix\u00e9es d\u2019entente entre les capitaines, en g\u00e9n\u00e9ral la semaine en fin de journ\u00e9e. Plus d\u2019infos\n                      sur le site de l\u2019association\n                      <a href=\"https:\/\/www.vaud-tennis.ch\" target=\"_blank\" class=\"customize-unpreviewable\" rel=\"noopener\">Vaud-tennis<\/a>.\n                      <br>Pour votre information, la plupart des joueuses sont de l&rsquo;\u00e2ge \u00ab Jeunes-Seniors \u00bb, voire m\u00eame \u00ab Seniors \u00bb.Chaque rencontre est toujours cl\u00f4tur\u00e9e par un agr\u00e9able souper dans une ambiance tr\u00e8s chaleureuse et sportive.<\/p>\n                    <p>Le TCE a toujours engag\u00e9 au moins une \u00e9quipe dans le tournoi Bellaria.<\/p>\n                    <p>Mentionnons encore que le TCE a remport\u00e9 \u00e0 plusieurs reprises ( 1987,1999, 2003, 2004, 2018).<\/p>\n                    <p>Toutes les dames int\u00e9ress\u00e9es \u00e0 participer \u00e0 cette comp\u00e9tition sont les bienvenues et peuvent se renseigner aupr\u00e8s\n                      <a href=\"mailto:iplomb@bluewin.ch\" target=\"_blank\" rel=\"noopener\">Isabelle Plomb<\/a>, actuelle capitaine de l\u2019\u00e9quipe.<\/p>\n                  <\/div>\n                <\/div>\n              <\/div>\n            <\/div>\n          <\/div>\n        <\/div>\n      <\/div>\n      <div data-colibri-id=\"505-c3\" class=\"h-row-container gutters-row-lg-2 gutters-row-md-2 gutters-row-2 gutters-row-v-lg-2 gutters-row-v-md-2 gutters-row-v-2 style-1062 style-local-505-c3 position-relative\">\n        <!---->\n        <div class=\"h-row justify-content-lg-center justify-content-md-center justify-content-center align-items-lg-stretch align-items-md-stretch align-items-stretch gutters-col-lg-2 gutters-col-md-2 gutters-col-2 gutters-col-v-lg-2 gutters-col-v-md-2 gutters-col-v-2\">\n          <!---->\n          <div class=\"h-column h-column-container d-flex h-col-lg-4 h-col-md-6 h-col-12 style-1063-outer style-local-505-c4-outer\">\n            <div data-colibri-id=\"505-c4\" class=\"d-flex h-flex-basis h-column__inner h-px-lg-2 h-px-md-2 h-px-2 v-inner-lg-2 v-inner-md-2 v-inner-2 style-1063 style-local-505-c4 position-relative\">\n              <!---->\n              <!---->\n              <div class=\"w-100 h-y-container h-column__content h-column__v-align flex-basis-100 align-self-lg-center align-self-md-center align-self-center\">\n                <!---->\n                <div data-colibri-id=\"505-c5\" class=\"h-icon style-1064 style-local-505-c5 position-relative h-element\">\n                  <!----><span class=\"h-svg-icon h-icon__icon style-1064-icon style-local-505-c5-icon\"><!--Icon by Icons8 Line Awesome (https:\/\/icons8.com\/line-awesome)--><svg version=\"1.1\" xmlns=\"http:\/\/www.w3.org\/2000\/svg\" xmlns:xlink=\"http:\/\/www.w3.org\/1999\/xlink\" id=\"connectdevelop\" viewBox=\"0 0 512 545.5\"><path d=\"M146.5 99h219l4.5 8 100 174.5 4.5 8-4.5 8L370 472l-4.5 8h-219l-4.5-8L42 297.5l-4.5-8 4.5-8L142 107zm39 32l25 26 73-26h-98zm146 0L223 169.5l35 36.5zm-167 1.5l-.5 1V174l30.5-11zm184.5 3l-79.5 82 57 59L391 208zm-201 26L135 184l13-4.5v-18zm58.5 14L164 191v62l23.5 25 59.5-60.5zm-58.5 21l-25.5 9-1 2L148 236v-39.5zM113 222l-38.5 67.5 38 66L148 319v-59.5zm285 2l-60.5 64 38.5 39.5zm-140 5l-59.5 61 57.5 61 59.5-63zm152.5 13.5l-20.5 99 11 11.5 36.5-63.5zm-246.5 34v26l12.5-13zm162.5 23L267 363l8.5 9H367l5.5-25.5zm-139 2L164 325v47h72l9-9zm-39.5 40L120.5 370l1.5 2h26v-30.5zm238 19l-2.5 11.5h6.5l2.5-4.5zM131 388l17 29.5V388h-17zm33 0v57.5l1 2 56-59.5h-57zm79 0l-56.5 60h138l-56-60H243zm47.5 0l56 60 7-12 10-48h-73zm89.5 0l-.5 2.5 1.5-2.5h-1z\"><\/path><\/svg><\/span><\/div>\n                <div\n                  data-colibri-id=\"505-c6\" class=\"h-global-transition-all h-heading style-1065 style-local-505-c6 position-relative h-element\">\n                  <!---->\n                  <div class=\"h-heading__outer style-1065 style-local-505-c6\">\n                    <!---->\n                    <!---->\n                    <h4 class=\"\">Equipe Bellaria<\/h4>\n                  <\/div>\n              <\/div>\n              <div data-colibri-id=\"505-c7\" class=\"h-text h-text-component style-1066 style-local-505-c7 position-relative h-element\">\n                <!---->\n                <!---->\n                <div class=\"\">\n                  <p><strong>Capitaine&nbsp;<\/strong>: Isabelle Plomb<\/p>\n                  <p><strong>Joueuses&nbsp;<\/strong>: Kathleen Druart, <span style=\"color: rgb(37, 41, 42); font-family: &quot;Open Sans&quot;; font-size: 16px; font-weight: 400;\">Odile Juillerat,&nbsp;<\/span>Corinne Lafaye, Alessandra Marchetto, <span style=\"color: rgb(37, 41, 42); font-family: &quot;Open Sans&quot;; font-size: 16px; font-weight: 400;\">Isabelle Plomb,&nbsp;<\/span>Valerie\n                    Vaccaro, Karine Blaser.<\/p>\n                  <p><strong>Cat\u00e9gorie&nbsp;<\/strong>: Non licenci\u00e9s ou R7 maximum et plus de 40 ans<\/p>\n                <\/div>\n              <\/div>\n              <div data-colibri-id=\"505-c8\" class=\"h-x-container style-1067 style-local-505-c8 position-relative h-element\">\n                <!---->\n                <div class=\"h-x-container-inner style-dynamic-505-c8-group style-1067-spacing style-local-505-c8-spacing\"><span class=\"h-button__outer style-1068-outer style-local-505-c9-outer d-inline-flex h-element\"><a h-use-smooth-scroll=\"true\" href=\"https:\/\/www.vaud-tennis.ch\/coupe-bellaria\/\"  data-colibri-id=\"505-c9\" class=\"d-flex w-100 align-items-center h-button justify-content-lg-center justify-content-md-center justify-content-center style-1068 style-local-505-c9 position-relative\"><!----><!----> <span>Infos<\/span><\/a>\n                  <\/span>\n                <\/div>\n              <\/div>\n            <\/div>\n          <\/div>\n        <\/div>\n      <\/div>\n    <\/div>\n  <\/div>\n<\/div>\n<\/div>","protected":false},"excerpt":{"rendered":"<p>Bellaria La coupe bellaria est le pendant de l\u2019\u00e9preuve Lombardet au f\u00e9minin. Cette comp\u00e9tition entre clubs est tout aussi amicale dans sa version dames. Elle est reserv\u00e9e aux joueuses des [&hellip;]<\/p>\n","protected":false},"author":2,"featured_media":0,"parent":485,"menu_order":0,"comment_status":"closed","ping_status":"closed","template":"page-templates\/full-width-page.php","meta":{"footnotes":""},"class_list":["post-505","page","type-page","status-publish","hentry"],"publishpress_future_action":{"enabled":false,"date":"2026-04-24 05:05:42","action":"change-status","newStatus":"draft","terms":[],"taxonomy":"","extraData":[]},"publishpress_future_workflow_manual_trigger":{"enabledWorkflows":[]},"_links":{"self":[{"href":"https:\/\/tcepalinges.ch\/wp2\/wp-json\/wp\/v2\/pages\/505","targetHints":{"allow":["GET"]}}],"collection":[{"href":"https:\/\/tcepalinges.ch\/wp2\/wp-json\/wp\/v2\/pages"}],"about":[{"href":"https:\/\/tcepalinges.ch\/wp2\/wp-json\/wp\/v2\/types\/page"}],"author":[{"embeddable":true,"href":"https:\/\/tcepalinges.ch\/wp2\/wp-json\/wp\/v2\/users\/2"}],"replies":[{"embeddable":true,"href":"https:\/\/tcepalinges.ch\/wp2\/wp-json\/wp\/v2\/comments?post=505"}],"version-history":[{"count":21,"href":"https:\/\/tcepalinges.ch\/wp2\/wp-json\/wp\/v2\/pages\/505\/revisions"}],"predecessor-version":[{"id":13667,"href":"https:\/\/tcepalinges.ch\/wp2\/wp-json\/wp\/v2\/pages\/505\/revisions\/13667"}],"up":[{"embeddable":true,"href":"https:\/\/tcepalinges.ch\/wp2\/wp-json\/wp\/v2\/pages\/485"}],"wp:attachment":[{"href":"https:\/\/tcepalinges.ch\/wp2\/wp-json\/wp\/v2\/media?parent=505"}],"curies":[{"name":"wp","href":"https:\/\/api.w.org\/{rel}","templated":true}]}}